t) + p(t). What is the hundreds digit of m(5)?
1
Let s(q) = 8*q**2 + 6*q + 12. Let j be s(-5). Let n = 341 - j. What is the tens digit of n?
5
Let g(o) = -10*o - 27. Suppose z = 3*c + 4*z + 15, 4*z - 8 = 0. What is the units digit of g(c)?
3
Let i = 70 - 62. Suppose 2*a + 2*a - 13 = -5*r, 5*a - i = 2*r. What is the units digit of a?
2
Let r(p) = p - 13. Let x be r(15). Suppose 0 = -2*o - 10, -3*q + 5*o + 411 = x*o. What is the hundreds digit of q?
1
Suppose -6*k = -k - 25. Let s = k - 9. Let c(j) = -7*j - 1. What is the tens digit of c(s)?
2
Suppose -a = -0 - 8. Let c(y) = y**2 - 12*y + 17. Let l be c(a). Let i = l + 23. What is the units digit of i?
8
Suppose s - 17 = -c - 5, 4*s + 16 = 0. Suppose -c*d + 366 = -10*d. What is the tens digit of d?
6
Let c(l) = -l**3 - 7*l**2 - 9*l - 4. What is the tens digit of c(-12)?
2
Let t(h) = h**2 + 17*h + 18. Let j be t(-16). Suppose -13 = -5*w + j. Suppose -w*r - b + 124 = 0, r - 3*r + 84 = 2*b. What is the units digit of r?
1
Let t(u) = -u + 6. Let y be t(-3). Suppose 0 = -y*c + 837 - 180. What is the units digit of c?
3
Let u(f) = -6*f - 2. Let x be u(-9). Let b = 194 - x. What is the tens digit of b?
4
Suppose -5*n + 64 = -6. Let g = -8 + n. Let s(b) = b + 5. What is the units digit of s(g)?
1
Suppose -4*j - 40 - 100 = 0. Let y be (1940/j)/((-2)/7). Suppose 3*k + y = 2*t + 3*t, 4*t - 4*k = 160. What is the tens digit of t?
3
Let z(c) = c + 6. Let m be z(-5). Suppose 0 = -5*j - m + 11. Suppose 3*v + j*a - 82 = 0, 4*v - 6*v - 2*a = -54. What is the tens digit of v?
2
What is the hundreds digit of (-6)/(-10) - (-17 - (-148764)/(-35))?
2
Let u(x) = 7*x**2 - 3*x**2 + 0*x - 7 + x. What is the units digit of u(3)?
2
Suppose -4*a = 12, -2*a = -24*j + 26*j - 3608. What is the units digit of j?
7
Suppose 5*q + z - 1609 = 0, 4*q - 432 - 868 = -4*z. What is the units digit of q?
1
Suppose -12*b + 7*b + 510 = 0. Suppose -b - 126 = -3*o. What is the units digit of o?
6
Let x = -1807 + 6220. What is the thousands digit of x?
4
Let d be (-1)/3 - (21/(-9) - 3). Suppose 5*g - 735 = 4*p, -4*p + 2*p = d*g - 765. What is the units digit of g?
1
Let z = -1929 + 2755. What is the units digit of z?
6
Let w be (-273)/26*(-64)/6. Suppose -w = v - 3*v. What is the units digit of v?
6
Let v be (2 - 1) + (1 - 3). Let q(r) = r**2 + r - 5. Let y(o) = -o**2 - 1. Let d(t) = q(t) - 6*y(t). What is the units digit of d(v)?
7
Let u(p) = -2 + 3 - 6 + 8*p - 5. Let c be (-2)/(-4) + 7/2. What is the tens digit of u(c)?
2
Let i = -10 + 10. Suppose -y + i*y + 3*c - 1 = 0, 3 = -3*y + c. Let n = y + 6. What is the units digit of n?
5
Let p = -55 + 60. Suppose -5*l = r - 1653 + 356, -p*r = -10. What is the hundreds digit of l?
2
Suppose v = -2*a + 10697 + 1688, -v + 24771 = 4*a. What is the tens digit of a?
9
Suppose 5*v = 9*v + 5*q - 12954, -5*v + 16190 = 5*q. What is the thousands digit of v?
3
Let b = 13 - 11. Let x be 4 - (4 - (2 + b)). Suppose 3*p - 35 = -0*o + 2*o, x*p - 4*o = 44. What is the units digit of p?
3
Let f be 2 - (3 - 6 - 3). Let o(c) = -15*c**3 + 4*c**2 - 2*c + 14*c**3 + 9*c - f. What is the tens digit of o(3)?
2
Let x be 2/(12/(-63))*2. Let t = x - -35. What is the units digit of (-26)/(-4) - 21/t?
5
Suppose 3*h + 1 = 2*h - 2*n, 4*h - 2*n = 46. Let c = 14 - h. Suppose c*s = 36 + 49. What is the units digit of s?
7
Suppose -2*d + 0*d + 64 = 0. Suppose -5*k = -45 - 95. Let w = d - k. What is the units digit of w?
4
Suppose 210 = 5*r + l - 96, 4*r - 256 = 2*l. What is the tens digit of r?
6
What is the hundreds digit of 461/4*(22 - 18)?
4
Suppose 115444 = 12*o + 16*o. What is the thousands digit of o?
4
Let x(f) = -f**3 - 6*f**2 - 5*f + 5. Suppose -l - l + d - 6 = 0, -5*l = -4*d + 9. Let j be x(l). Let m = -2 + j. What is the units digit of m?
3
What is the hundreds digit of (((-144)/14)/(-1))/(34/2618)?
7
Let k = -38 + 30. What is the units digit of k/(-2) + (3 - -128)?
5
Let t = -49 - -71. Let n = 23 + t. Let x = 72 - n. What is the units digit of x?
7
Suppose -2*q + 8 = -o, q - 3 = 2*o - o. Suppose -2*a - 3 = 3*w - 1, -a = o*w. Suppose 5*i - 4*m - 50 = 0, i - w*i + m + 9 = 0. What is the tens digit of i?
1
Suppose 4*c = -c - 5. Let n = 2 - c. Suppose n*q = 5*q - 126. What is the tens digit of q?
6
Suppose 27*j + 30239 - 122120 = 0. What is the thousands digit of j?
3
Let m be 3/(-9) - 6/(-36)*86. Let f(k) be the third derivative of k**4/8 + 8*k**3/3 + k**2. What is the units digit of f(m)?
8
Let b(o) = 4*o - 6. Let w be b(2). Suppose 0 = -4*a + w*a - 2*f + 114, -2*a = -4*f - 120. What is the units digit of a?
8
What is the tens digit of 3/15 + 8538/10?
5
Let f(z) = -27*z**3 + z**2 + 2*z. Let a be f(-2). Suppose m = -m + a. What is the hundreds digit of m?
1
Let w(c) = -8*c - 9. Let k be w(-6). Let f be k + (-5)/(20/(-16)). Suppose 3*o + f = p, -2*p + o - 58 = -4*p. What is the units digit of p?
1
What is the units digit of (624/(-40))/(3/(-810))?
2
Suppose 2*c - 5342 = -2*z, -2*c = -0*c + 4. What is the tens digit of 6/(-14) + z/63?
4
Let o = 1768 + -882. What is the units digit of o?
6
Let x = 289 + -194. What is the tens digit of x?
9
Let c(j) = -j**3 + 5*j**2 - j + 4. Let m be c(3). Suppose 4*d - o + 76 = 0, 3*o + 0 - m = d. Let y = d + 28. What is the units digit of y?
9
Let b(q) = 2*q - 11. Let o be b(-6). Let c = 33 + o. Suppose 102 - 43 = 3*v + 2*a, 0 = -2*a - c. What is the tens digit of v?
2
Let s(v) be the third derivative of v**5/60 + v**4/8 - 5*v**3/6 - v**2 - 4*v. What is the tens digit of s(-6)?
1
Let q(i) = -266*i - 1. Let n be q(-1). Suppose -40*s + n = -35*s. What is the tens digit of s?
5
Let j(k) = -3*k**3 + 5*k**2 + 56*k - 2. What is the hundreds digit of j(-6)?
4
Let z = -87 + 73. Let b(n) = -10*n + 2. What is the tens digit of b(z)?
4
Let i = 114 - 54. Suppose 2*z - 5*d = 18, z - 6*z + i = -5*d. What is the tens digit of 6*(z/6)/1?
1
Suppose 4*i + 3*b + 42 = 0, 0 = -4*i + 3*b - 7*b - 44. Let n be i/6*8/6. What is the tens digit of 9*(n/6 - -2)?
1
Let i be ((-12)/10)/(8/(-40)). Let o(y) = y**3 - 5*y**2 - 2*y - 7. What is the tens digit of o(i)?
1
Let o(x) = 3*x - 29. Let b be o(9). What is the hundreds digit of ((-2 - b) + -31)/((-7)/28)?
1
Let x = 83 + -85. Let b(w) = 70*w**2 + 7*w + 7. What is the units digit of b(x)?
3
Let p(n) = 83*n - 8. What is the units digit of p(7)?
3
Let b = 31 - 55. Let s be 2 - 6/3 - b. Suppose -5*j - 2*q + 16 = q, 3*j = 3*q + s. What is the units digit of j?
5
Let c be (0 + -1)*(-5 + 4). Suppose w = -2 - c. What is the units digit of ((-8)/20)/(w/120)?
6
Let m be ((-96)/(-9))/((-3)/9). Let r be m/(-24)*(-18)/(-4). What is the units digit of (-102)/(-4)*8/r?
4
Let i(h) = -15*h + 3528. What is the thousands digit of i(0)?
3
Suppose 3*b - 4*f - 8 = 6*b, 5*b + 10 = -5*f. Suppose 4*h + 3*c = 0, h - 4*c + 3*c - 7 = b. What is the units digit of h?
3
Let u be 37 + (-1 + 0)*(-8)/2. What is the tens digit of u/123 - (-1)/(6/1030)?
7
Let a(i) = -i**2. Let d be a(0). Suppose x = -3*j + 163 - d, 0 = x - 3*j - 181. What is the units digit of x?
2
Let r(d) = 58*d**3 - 2*d**2 + 1. Suppose -8 = -2*w - 3*p, 2*w = -2*w - 2*p + 8. What is the units digit of r(w)?
7
What is the hundreds digit of 178470/165 + 12/33?
0
Let j(i) = i**2 + 22*i - 27. What is the hundreds digit of j(8)?
2
Let g = 8 - 9. Let p(c) = 5*c - 8*c**2 - c + 1 + 23*c**2 - 3*c. What is the tens digit of p(g)?
1
Suppose 54*k + 3*l - 30758 = 49*k, 3*l = 2*k - 12299. What is the hundreds digit of k?
1
Let u(g) = -g**3 - 7*g**2 + 5*g - 8. Let l be (3/(-2))/((-8)/(-80)). Let c = l + 7. What is the units digit of u(c)?
6
Suppose 8 = -2*c + 3*c. Suppose -3*n = -c*n + 5. What is the tens digit of (-6)/(n + 31/(-28))?
5
Let h be (-1278)/30 - (-4)/(-10). Let b = h - -25. Let q = -10 - b. What is the units digit of q?
8
What is the hundreds digit of (-4910)/(-20)*(7 - -1)?
9
Suppose -4*d = -5*i - 1405 + 20877, -5*d - 15 = 0. What is the units digit of i?
2
Suppose 24*k - 26910 = -45*k. What is the units digit of k?
0
Suppose 1030 = b + 2*j, -15*j = 4*b - 17*j - 4110. What is the thousands digit of b?
1
Let r(p) = p**2 - 3*p + 1. Let g(x) = 2*x**2 - 6*x + 3. Let v(s) = -2*g(s) + 5*r(s). Let z be 18/54 - 7/3. What is the units digit of v(z)?
9
What is the units digit of ((-8)/12)/((-22)/23397)?
9
Suppose 0 = -4*o + 10 - 2. Suppose o*r